{"id":11175,"date":"2025-11-14T12:31:24","date_gmt":"2025-11-14T15:31:24","guid":{"rendered":"https:\/\/moraviaclinica.com\/?page_id=11175"},"modified":"2025-11-19T16:40:21","modified_gmt":"2025-11-19T19:40:21","slug":"sintesis-curricular","status":"publish","type":"page","link":"https:\/\/moraviaclinica.com\/index.php\/sintesis-curricular\/","title":{"rendered":"S\u00edntesis Curricular"},"content":{"rendered":"<div class=\"wpb-content-wrapper\">[vc_row][vc_column][vc_single_image image=&#8221;11276&#8243; img_size=&#8221;large&#8221; alignment=&#8221;center&#8221;][vc_column_text css=&#8221;&#8221;]<p>&nbsp;<\/p>\n\n<h2 style=\"text-align: center;\"><strong>BREVE SINTESIS CURRICULAR DE COORDINADORES Y M\u00c9DICOS<\/strong><\/h2>\n<h2 style=\"text-align: center;\"><strong><\/strong><\/h2>\n<h2 style=\"text-align: center;\">&nbsp;<\/h2>\n<h2 style=\"text-align: center;\"><strong><\/strong><\/h2>\n<h2 style=\"text-align: center;\"><strong>Director: &nbsp;Alfie Jose Rolando<\/strong><\/h2>\n<h2 style=\"text-align: center;\"><strong><\/strong><\/h2>\n<h2 style=\"text-align: center;\">&nbsp;<\/h2>\n<h2 style=\"text-align: center;\"><strong><\/strong><\/h2>\n<h2 style=\"text-align: center;\"><strong>T\u00edtulos:<\/strong><br><strong>1968&nbsp;Doctor en Medicina. Universidad Nacional de la Plata.<\/strong><br><strong>1978&nbsp;M\u00e9dico Psiquiatra. Universidad de Buenos Aires.<\/strong><br><strong>1975&nbsp;Certificado de Especialista en Psiquiatr\u00eda. M. B. Salud P\u00fablica.<\/strong><\/h2>\n<h2 style=\"text-align: center;\"><strong><\/strong><\/h2>\n<h2 style=\"text-align: center;\">&nbsp;<\/h2>\n<h2 style=\"text-align: center;\"><strong><\/strong><\/h2>\n<h2 style=\"text-align: center;\"><strong>Antecedentes Hospitalarios y de Salud P\u00fablica:<\/strong><br><strong>1968 \u2013 1976&nbsp;M\u00e9dico Concurrente Servicio de Endicronolog\u00eda del Hospital de Vicente L\u00f3pez y Policl\u00ednico de Avellaneda. M\u00e9dico Concurrente Ad \u2013 Honorem. Servicio 26 Hospital Nacional Jos\u00e9 T. Borda.<\/strong><\/h2>\n<h2 style=\"text-align: center;\"><strong><\/strong><\/h2>\n<h2 style=\"text-align: center;\">&nbsp;<\/h2>\n<h2 style=\"text-align: center;\"><strong><\/strong><\/h2>\n<h2 style=\"text-align: center;\"><strong>Pr\u00e1ctica Privada:<\/strong><br><strong>1990 -1993&nbsp;M\u00e9dico Psiquiatra Perito de la C\u00e1mara Nacional de Apelaciones en lo Civil y Comercial Federal. &nbsp;Auditor Psiquiatra de OSTEL. Obra Social de Telef\u00f3nicos.<\/strong><br><strong>1999&nbsp;Hasta la fecha, Director &nbsp;&nbsp;Asistente de Cl\u00ednica Moravia.<\/strong><\/h2>\n<h2 style=\"text-align: center;\"><strong><\/strong><\/h2>\n<h2 style=\"text-align: center;\"><strong>Vicedirector: Formica Aroldo<\/strong><\/h2>\n<h2 style=\"text-align: center;\">&nbsp;<\/h2>\n<h2 style=\"text-align: center;\"><strong>T\u00edtulos:<\/strong><br><strong>1986&nbsp;Licenciado en Psicolog\u00eda \u2013 Universidad de Buenos Aires.<\/strong><\/h2>\n<h2 style=\"text-align: center;\">&nbsp;<\/h2>\n<h2 style=\"text-align: center;\"><strong>Trabajo Institucional:<\/strong><br><strong>1983 \u2013 1987&nbsp;Tareas grupales con pacientes de internaci\u00f3n psiqui\u00e1trica. Cl\u00ednica Ceap. Trabajo con grupo de pacientes psiqui\u00e1tricos en Ceap.<\/strong><br><strong>1986 \u2013 1992&nbsp;Tratamientos domiciliarios , Acomp. Terap\u00e9utico, Recreaci\u00f3n con pacientes psiqui\u00e1tricos, Terapias Individuales y Coord. de Terapias Familiares en Cl\u00ednica Moravia. Terapias Individuales y Familiares en Obra Social William Hope.<\/strong><br><strong>1999&nbsp;Hasta la actualidad. Coord. de Htal. de D\u00eda de Cl\u00ednica Moravia.<\/strong><\/h2>\n<h2 style=\"text-align: center;\"><strong>Coord. de Invest. y Docencia: Dunayevich Gregorio<\/strong><\/h2>\n<h2 style=\"text-align: center;\"><strong><!-- \/wp:post-content --><\/strong><\/h2>\n<h2 style=\"text-align: center;\">&nbsp;<\/h2>\n<h2 style=\"text-align: center;\"><strong><!-- wp:paragraph {\"fontSize\":\"medium\"} --><\/strong><\/h2>\n<h2 style=\"text-align: center;\"><strong>T\u00edtulos:<\/strong><br><strong>1974&nbsp;Licenciado en Ciencias F\u00edsicas.<\/strong><br><strong>Universidad de Buenos Aires.<\/strong><br><strong>1977 &nbsp;Licenciado en psicolog\u00eda.<\/strong><br><strong>Universidad J. F. Kennedy. MN &nbsp;2.948.<\/strong><br><strong>1988&nbsp;Doctor en Psicolog\u00eda. Universidad de Belgrano.<\/strong><br><strong>1992&nbsp;Adherente de la Asociaci\u00f3n Psicoanal\u00edtica Argentina.<\/strong><\/h2>\n<h2 style=\"text-align: center;\"><strong><!-- \/wp:paragraph --><\/strong><\/h2>\n<h2 style=\"text-align: center;\"><strong><!-- wp:paragraph -->Actividad Docente:<\/strong><\/h2>\n<h2 style=\"text-align: center;\"><strong><!-- \/wp:paragraph --><\/strong><\/h2>\n<h2 style=\"text-align: center;\">&nbsp;<\/h2>\n<h2 style=\"text-align: center;\"><strong><!-- wp:paragraph {\"fontSize\":\"medium\"} --><\/strong><\/h2>\n<h2 style=\"text-align: center;\"><strong>1977 \u2013 1978&nbsp;Docente en psicolog\u00eda evolutiva 1 y 2 en la Universidad del Salvador, y en psicolog\u00eda general en la Universidad de Belgrano.<\/strong><br><strong>1990 \u2013 1991&nbsp;Docente en psicolog\u00eda evolutiva 1 y 2 en la Universidad del Salvador, y en psicolog\u00eda general en la Universidad de Belgrano.<\/strong><\/h2>\n<h2 style=\"text-align: center;\"><strong><!-- \/wp:paragraph --><\/strong><\/h2>\n<h2 style=\"text-align: center;\">&nbsp;<\/h2>\n<h2 style=\"text-align: center;\"><strong><!-- wp:paragraph {\"fontSize\":\"medium\"} --><\/strong><\/h2>\n<h2 style=\"text-align: center;\"><strong>Actividad:<\/strong><br><strong>\u2013 Coordinador \u00e1rea ni\u00f1os, Cl\u00ednica Moravia.<\/strong><br><strong>\u2013 Supervisor en A.D.I.S.S. \u2013 1987.<\/strong><\/h2>\n<h2 style=\"text-align: center;\"><strong><!-- \/wp:paragraph --><\/strong><\/h2>\n<h2 style=\"text-align: center;\">&nbsp;<\/h2>\n<h2 style=\"text-align: center;\"><strong><!-- wp:paragraph {\"fontSize\":\"medium\"} --><\/strong><\/h2>\n<h2 style=\"text-align: center;\"><strong>Coord. Psicoterapeutico: Teper Eduardo Alberto<\/strong><\/h2>\n<h2 style=\"text-align: center;\"><strong><!-- \/wp:paragraph --><\/strong><\/h2>\n<h2 style=\"text-align: center;\">&nbsp;<\/h2>\n<h2 style=\"text-align: center;\"><strong><!-- wp:paragraph {\"fontSize\":\"medium\"} --><\/strong><\/h2>\n<h2 style=\"text-align: center;\"><strong>T\u00edtulos:<\/strong><br><strong>1973&nbsp;Licenciado en psicolog\u00eda. Universidad de Buenos Aires. MN 7161.<\/strong><br><strong>1985&nbsp;M\u00e9dico. Universidad de Buenos Aires. MN &nbsp;71.983<\/strong><br><strong>1981&nbsp;Escuela de posgrado en psicoan\u00e1lisis y medicina psicoanal\u00edtica. CIMP.<\/strong><\/h2>\n<h2 style=\"text-align: center;\"><strong><!-- \/wp:paragraph --><\/strong><\/h2>\n<h2 style=\"text-align: center;\">&nbsp;<\/h2>\n<h2 style=\"text-align: center;\"><strong><!-- wp:paragraph {\"fontSize\":\"medium\"} --><\/strong><\/h2>\n<h2 style=\"text-align: center;\"><strong>Actividad:<\/strong><br><strong>1988 \u2013 1989&nbsp;Docente en seminario de psicoan\u00e1lisis para graduados. Facultad de medicina. Universidad de Buenos Aires.<\/strong><br><strong>1991&nbsp;Hasta la fecha. Secretario General de CLASME (C\u00e1mara de Cl\u00ednicas Acreditadas en Salud Mental).<\/strong><br><strong>1991 \u2013 1994&nbsp;Secretario General y Coordinador General del Centro de Emergencias Psiqui\u00e1tricas CLASME.<\/strong><br><strong>1983&nbsp;Hasta la fecha. Coordinador Psicoterap\u00e9utico de Cl\u00ednica Moravia y Comunidad Terap\u00e9utica de Palermo.<\/strong><\/h2>\n<h2 style=\"text-align: center;\"><strong><!-- \/wp:paragraph --><\/strong><\/h2>\n<h2 style=\"text-align: center;\">&nbsp;<\/h2>\n<h2 style=\"text-align: center;\"><strong><!-- wp:paragraph {\"fontSize\":\"medium\"} --><\/strong><\/h2>\n<h2 style=\"text-align: center;\"><strong>Coord. Psicoterapeutica: Formica de Teper, Matilde<\/strong><\/h2>\n<h2 style=\"text-align: center;\"><strong><!-- \/wp:paragraph --><\/strong><\/h2>\n<h2 style=\"text-align: center;\">&nbsp;<\/h2>\n<h2 style=\"text-align: center;\"><strong><!-- wp:paragraph {\"fontSize\":\"medium\"} --><\/strong><\/h2>\n<h2 style=\"text-align: center;\"><strong>T\u00edtulos:<\/strong><br><strong>1976&nbsp;Licenciada en psicolog\u00eda. Universidad de Buenos Aires.MN 7.907.<\/strong><br><strong>1989&nbsp;Egresada Escuela Psicoterapia \u2013 Posgrado.<\/strong><\/h2>\n<h2 style=\"text-align: center;\"><strong><!-- \/wp:paragraph --><\/strong><\/h2>\n<h2 style=\"text-align: center;\">&nbsp;<\/h2>\n<h2 style=\"text-align: center;\"><strong><!-- wp:paragraph {\"fontSize\":\"medium\"} --><\/strong><\/h2>\n<h2 style=\"text-align: center;\"><strong>Actividad Docente:<\/strong><br><strong>1978 \u2013 1979&nbsp;Profesora Auxiliar Titular. Universidad del Salvador. Facultad de Psicopedagog\u00eda.<\/strong><br><strong>1980 \u2013 1982&nbsp;Profesora adjunta. Facultad de Psicopedagog\u00eda Proyectivas I.<\/strong><\/h2>\n<h2 style=\"text-align: center;\"><strong><!-- \/wp:paragraph --><\/strong><\/h2>\n<h2 style=\"text-align: center;\">&nbsp;<\/h2>\n<h2 style=\"text-align: center;\"><strong><!-- wp:paragraph {\"fontSize\":\"medium\"} --><\/strong><\/h2>\n<h2 style=\"text-align: center;\"><strong>Trabajo Institucional:<\/strong><br><strong>1981&nbsp;Hasta la fecha. Coordinadora \u00e1rea terap\u00e9utica. Cl\u00ednica Moravia y Comunidad Terap\u00e9utica de Palermo.<\/strong><\/h2>\n<h2 style=\"text-align: center;\"><strong><!-- \/wp:paragraph --><\/strong><\/h2>\n<h2 style=\"text-align: center;\">&nbsp;<\/h2>\n<h2 style=\"text-align: center;\"><strong><!-- wp:paragraph {\"fontSize\":\"medium\"} --><\/strong><\/h2>\n<h2 style=\"text-align: center;\"><strong>Coordinador de Hospital de Dia: Formica Aroldo<\/strong><\/h2>\n<h2 style=\"text-align: center;\"><strong><!-- \/wp:paragraph --><\/strong><\/h2>\n<h2 style=\"text-align: center;\">&nbsp;<\/h2>\n<h2 style=\"text-align: center;\"><strong><!-- wp:paragraph {\"fontSize\":\"medium\"} --><\/strong><\/h2>\n<h2 style=\"text-align: center;\"><strong>T\u00edtulos:<\/strong><br><strong>1986&nbsp;Licenciado en Psicolog\u00eda \u2013 Universidad de Buenos Aires.<\/strong><\/h2>\n<h2 style=\"text-align: center;\"><strong><!-- \/wp:paragraph --><\/strong><\/h2>\n<h2 style=\"text-align: center;\">&nbsp;<\/h2>\n<h2 style=\"text-align: center;\"><strong><!-- wp:paragraph {\"fontSize\":\"medium\"} --><\/strong><\/h2>\n<h2 style=\"text-align: center;\"><strong>Trabajo Institucional:<\/strong><br><strong>1983 \u2013 1987&nbsp;Tareas grupales con pacientes de internaci\u00f3n psiqui\u00e1trica. Cl\u00ednica Ceap. Trabajo con grupo de pacientes psiqui\u00e1tricos en Ceap.<\/strong><br><strong>1986 \u2013 1992&nbsp;Tratamientos domiciliarios , Acomp. Terap\u00e9utico, Recreaci\u00f3n con pacientes psiqui\u00e1tricos, Terapias Individuales y Coord. de Terapias Familiares en Cl\u00ednica Moravia. Terapias Individuales y Familiares en Obra Social William Hope.<\/strong><br><strong>1999&nbsp;Hasta la actualidad. Coord. de Htal. de D\u00eda de Cl\u00ednica Moravia.<\/strong><\/h2>\n<p>&nbsp;<\/p>[\/vc_column_text][vc_single_image image=&#8221;11448&#8243; img_size=&#8221;medium&#8221; alignment=&#8221;center&#8221; css=&#8221;&#8221;][\/vc_column][\/vc_row][vc_row][vc_column][vc_single_image image=&#8221;11135&#8243; img_size=&#8221;medium&#8221; alignment=&#8221;center&#8221; css=&#8221;&#8221;][\/vc_column][\/vc_row]<\/div>","protected":false},"excerpt":{"rendered":"<p>[vc_row][vc_column][vc_single_image image=&#8221;11276&#8243; img_size=&#8221;large&#8221; alignment=&#8221;center&#8221;][vc_column_text css=&#8221;&#8221;] &nbsp; BREVE SINTESIS CURRICULAR DE COORDINADORES Y M\u00c9DICOS &nbsp; Director: &nbsp;Alfie Jose Rolando &nbsp; T\u00edtulos:1968&nbsp;Doctor en Medicina. Universidad Nacional de la Plata.1978&nbsp;M\u00e9dico Psiquiatra. Universidad de Buenos Aires.1975&nbsp;Certificado de Especialista en Psiquiatr\u00eda. M. B. Salud P\u00fablica. &nbsp; Antecedentes Hospitalarios y de Salud P\u00fablica:1968 \u2013 1976&nbsp;M\u00e9dico Concurrente Servicio de Endicronolog\u00eda del Hospital de Vicente L\u00f3pez y Policl\u00ednico&#8230;<\/p>\n","protected":false},"author":1,"featured_media":0,"parent":0,"menu_order":0,"comment_status":"closed","ping_status":"closed","template":"","meta":{"footnotes":""},"class_list":["post-11175","page","type-page","status-publish","hentry"],"_links":{"self":[{"href":"https:\/\/moraviaclinica.com\/index.php\/wp-json\/wp\/v2\/pages\/11175","targetHints":{"allow":["GET"]}}],"collection":[{"href":"https:\/\/moraviaclinica.com\/index.php\/wp-json\/wp\/v2\/pages"}],"about":[{"href":"https:\/\/moraviaclinica.com\/index.php\/wp-json\/wp\/v2\/types\/page"}],"author":[{"embeddable":true,"href":"https:\/\/moraviaclinica.com\/index.php\/wp-json\/wp\/v2\/users\/1"}],"replies":[{"embeddable":true,"href":"https:\/\/moraviaclinica.com\/index.php\/wp-json\/wp\/v2\/comments?post=11175"}],"version-history":[{"count":2,"href":"https:\/\/moraviaclinica.com\/index.php\/wp-json\/wp\/v2\/pages\/11175\/revisions"}],"predecessor-version":[{"id":11277,"href":"https:\/\/moraviaclinica.com\/index.php\/wp-json\/wp\/v2\/pages\/11175\/revisions\/11277"}],"wp:attachment":[{"href":"https:\/\/moraviaclinica.com\/index.php\/wp-json\/wp\/v2\/media?parent=11175"}],"curies":[{"name":"wp","href":"https:\/\/api.w.org\/{rel}","templated":true}]}}

Síntesis Curricular

<div class="wpb-content-wrapper">[vc_row][vc_column][vc_single_image image=&#8221;11276&#8243; img_size=&#8221;large&#8221; alignment=&#8221;center&#8221;][vc_column_text css=&#8221;&#8221;]<p>&nbsp;</p>

<h2 style="text-align: center;"><strong>BREVE SINTESIS CURRICULAR DE COORDINADORES Y MÉDICOS</strong></h2>
<h2 style="text-align: center;"><strong></strong></h2>
<h2 style="text-align: center;">&nbsp;</h2>
<h2 style="text-align: center;"><strong></strong></h2>
<h2 style="text-align: center;"><strong>Director: &nbsp;Alfie Jose Rolando</strong></h2>
<h2 style="text-align: center;"><strong></strong></h2>
<h2 style="text-align: center;">&nbsp;</h2>
<h2 style="text-align: center;"><strong></strong></h2>
<h2 style="text-align: center;"><strong>Títulos:</strong><br><strong>1968&nbsp;Doctor en Medicina. Universidad Nacional de la Plata.</strong><br><strong>1978&nbsp;Médico Psiquiatra. Universidad de Buenos Aires.</strong><br><strong>1975&nbsp;Certificado de Especialista en Psiquiatría. M. B. Salud Pública.</strong></h2>
<h2 style="text-align: center;"><strong></strong></h2>
<h2 style="text-align: center;">&nbsp;</h2>
<h2 style="text-align: center;"><strong></strong></h2>
<h2 style="text-align: center;"><strong>Antecedentes Hospitalarios y de Salud Pública:</strong><br><strong>1968 – 1976&nbsp;Médico Concurrente Servicio de Endicronología del Hospital de Vicente López y Policlínico de Avellaneda. Médico Concurrente Ad – Honorem. Servicio 26 Hospital Nacional José T. Borda.</strong></h2>
<h2 style="text-align: center;"><strong></strong></h2>
<h2 style="text-align: center;">&nbsp;</h2>
<h2 style="text-align: center;"><strong></strong></h2>
<h2 style="text-align: center;"><strong>Práctica Privada:</strong><br><strong>1990 -1993&nbsp;Médico Psiquiatra Perito de la Cámara Nacional de Apelaciones en lo Civil y Comercial Federal. &nbsp;Auditor Psiquiatra de OSTEL. Obra Social de Telefónicos.</strong><br><strong>1999&nbsp;Hasta la fecha, Director &nbsp;&nbsp;Asistente de Clínica Moravia.</strong></h2>
<h2 style="text-align: center;"><strong></strong></h2>
<h2 style="text-align: center;"><strong>Vicedirector: Formica Aroldo</strong></h2>
<h2 style="text-align: center;">&nbsp;</h2>
<h2 style="text-align: center;"><strong>Títulos:</strong><br><strong>1986&nbsp;Licenciado en Psicología – Universidad de Buenos Aires.</strong></h2>
<h2 style="text-align: center;">&nbsp;</h2>
<h2 style="text-align: center;"><strong>Trabajo Institucional:</strong><br><strong>1983 – 1987&nbsp;Tareas grupales con pacientes de internación psiquiátrica. Clínica Ceap. Trabajo con grupo de pacientes psiquiátricos en Ceap.</strong><br><strong>1986 – 1992&nbsp;Tratamientos domiciliarios , Acomp. Terapéutico, Recreación con pacientes psiquiátricos, Terapias Individuales y Coord. de Terapias Familiares en Clínica Moravia. Terapias Individuales y Familiares en Obra Social William Hope.</strong><br><strong>1999&nbsp;Hasta la actualidad. Coord. de Htal. de Día de Clínica Moravia.</strong></h2>
<h2 style="text-align: center;"><strong>Coord. de Invest. y Docencia: Dunayevich Gregorio</strong></h2>
<h2 style="text-align: center;"><strong><!-- /wp:post-content --></strong></h2>
<h2 style="text-align: center;">&nbsp;</h2>
<h2 style="text-align: center;"><strong><!-- wp:paragraph {"fontSize":"medium"} --></strong></h2>
<h2 style="text-align: center;"><strong>Títulos:</strong><br><strong>1974&nbsp;Licenciado en Ciencias Físicas.</strong><br><strong>Universidad de Buenos Aires.</strong><br><strong>1977 &nbsp;Licenciado en psicología.</strong><br><strong>Universidad J. F. Kennedy. MN &nbsp;2.948.</strong><br><strong>1988&nbsp;Doctor en Psicología. Universidad de Belgrano.</strong><br><strong>1992&nbsp;Adherente de la Asociación Psicoanalítica Argentina.</strong></h2>
<h2 style="text-align: center;"><strong><!-- /wp:paragraph --></strong></h2>
<h2 style="text-align: center;"><strong><!-- wp:paragraph -->Actividad Docente:</strong></h2>
<h2 style="text-align: center;"><strong><!-- /wp:paragraph --></strong></h2>
<h2 style="text-align: center;">&nbsp;</h2>
<h2 style="text-align: center;"><strong><!-- wp:paragraph {"fontSize":"medium"} --></strong></h2>
<h2 style="text-align: center;"><strong>1977 – 1978&nbsp;Docente en psicología evolutiva 1 y 2 en la Universidad del Salvador, y en psicología general en la Universidad de Belgrano.</strong><br><strong>1990 – 1991&nbsp;Docente en psicología evolutiva 1 y 2 en la Universidad del Salvador, y en psicología general en la Universidad de Belgrano.</strong></h2>
<h2 style="text-align: center;"><strong><!-- /wp:paragraph --></strong></h2>
<h2 style="text-align: center;">&nbsp;</h2>
<h2 style="text-align: center;"><strong><!-- wp:paragraph {"fontSize":"medium"} --></strong></h2>
<h2 style="text-align: center;"><strong>Actividad:</strong><br><strong>– Coordinador área niños, Clínica Moravia.</strong><br><strong>– Supervisor en A.D.I.S.S. – 1987.</strong></h2>
<h2 style="text-align: center;"><strong><!-- /wp:paragraph --></strong></h2>
<h2 style="text-align: center;">&nbsp;</h2>
<h2 style="text-align: center;"><strong><!-- wp:paragraph {"fontSize":"medium"} --></strong></h2>
<h2 style="text-align: center;"><strong>Coord. Psicoterapeutico: Teper Eduardo Alberto</strong></h2>
<h2 style="text-align: center;"><strong><!-- /wp:paragraph --></strong></h2>
<h2 style="text-align: center;">&nbsp;</h2>
<h2 style="text-align: center;"><strong><!-- wp:paragraph {"fontSize":"medium"} --></strong></h2>
<h2 style="text-align: center;"><strong>Títulos:</strong><br><strong>1973&nbsp;Licenciado en psicología. Universidad de Buenos Aires. MN 7161.</strong><br><strong>1985&nbsp;Médico. Universidad de Buenos Aires. MN &nbsp;71.983</strong><br><strong>1981&nbsp;Escuela de posgrado en psicoanálisis y medicina psicoanalítica. CIMP.</strong></h2>
<h2 style="text-align: center;"><strong><!-- /wp:paragraph --></strong></h2>
<h2 style="text-align: center;">&nbsp;</h2>
<h2 style="text-align: center;"><strong><!-- wp:paragraph {"fontSize":"medium"} --></strong></h2>
<h2 style="text-align: center;"><strong>Actividad:</strong><br><strong>1988 – 1989&nbsp;Docente en seminario de psicoanálisis para graduados. Facultad de medicina. Universidad de Buenos Aires.</strong><br><strong>1991&nbsp;Hasta la fecha. Secretario General de CLASME (Cámara de Clínicas Acreditadas en Salud Mental).</strong><br><strong>1991 – 1994&nbsp;Secretario General y Coordinador General del Centro de Emergencias Psiquiátricas CLASME.</strong><br><strong>1983&nbsp;Hasta la fecha. Coordinador Psicoterapéutico de Clínica Moravia y Comunidad Terapéutica de Palermo.</strong></h2>
<h2 style="text-align: center;"><strong><!-- /wp:paragraph --></strong></h2>
<h2 style="text-align: center;">&nbsp;</h2>
<h2 style="text-align: center;"><strong><!-- wp:paragraph {"fontSize":"medium"} --></strong></h2>
<h2 style="text-align: center;"><strong>Coord. Psicoterapeutica: Formica de Teper, Matilde</strong></h2>
<h2 style="text-align: center;"><strong><!-- /wp:paragraph --></strong></h2>
<h2 style="text-align: center;">&nbsp;</h2>
<h2 style="text-align: center;"><strong><!-- wp:paragraph {"fontSize":"medium"} --></strong></h2>
<h2 style="text-align: center;"><strong>Títulos:</strong><br><strong>1976&nbsp;Licenciada en psicología. Universidad de Buenos Aires.MN 7.907.</strong><br><strong>1989&nbsp;Egresada Escuela Psicoterapia – Posgrado.</strong></h2>
<h2 style="text-align: center;"><strong><!-- /wp:paragraph --></strong></h2>
<h2 style="text-align: center;">&nbsp;</h2>
<h2 style="text-align: center;"><strong><!-- wp:paragraph {"fontSize":"medium"} --></strong></h2>
<h2 style="text-align: center;"><strong>Actividad Docente:</strong><br><strong>1978 – 1979&nbsp;Profesora Auxiliar Titular. Universidad del Salvador. Facultad de Psicopedagogía.</strong><br><strong>1980 – 1982&nbsp;Profesora adjunta. Facultad de Psicopedagogía Proyectivas I.</strong></h2>
<h2 style="text-align: center;"><strong><!-- /wp:paragraph --></strong></h2>
<h2 style="text-align: center;">&nbsp;</h2>
<h2 style="text-align: center;"><strong><!-- wp:paragraph {"fontSize":"medium"} --></strong></h2>
<h2 style="text-align: center;"><strong>Trabajo Institucional:</strong><br><strong>1981&nbsp;Hasta la fecha. Coordinadora área terapéutica. Clínica Moravia y Comunidad Terapéutica de Palermo.</strong></h2>
<h2 style="text-align: center;"><strong><!-- /wp:paragraph --></strong></h2>
<h2 style="text-align: center;">&nbsp;</h2>
<h2 style="text-align: center;"><strong><!-- wp:paragraph {"fontSize":"medium"} --></strong></h2>
<h2 style="text-align: center;"><strong>Coordinador de Hospital de Dia: Formica Aroldo</strong></h2>
<h2 style="text-align: center;"><strong><!-- /wp:paragraph --></strong></h2>
<h2 style="text-align: center;">&nbsp;</h2>
<h2 style="text-align: center;"><strong><!-- wp:paragraph {"fontSize":"medium"} --></strong></h2>
<h2 style="text-align: center;"><strong>Títulos:</strong><br><strong>1986&nbsp;Licenciado en Psicología – Universidad de Buenos Aires.</strong></h2>
<h2 style="text-align: center;"><strong><!-- /wp:paragraph --></strong></h2>
<h2 style="text-align: center;">&nbsp;</h2>
<h2 style="text-align: center;"><strong><!-- wp:paragraph {"fontSize":"medium"} --></strong></h2>
<h2 style="text-align: center;"><strong>Trabajo Institucional:</strong><br><strong>1983 – 1987&nbsp;Tareas grupales con pacientes de internación psiquiátrica. Clínica Ceap. Trabajo con grupo de pacientes psiquiátricos en Ceap.</strong><br><strong>1986 – 1992&nbsp;Tratamientos domiciliarios , Acomp. Terapéutico, Recreación con pacientes psiquiátricos, Terapias Individuales y Coord. de Terapias Familiares en Clínica Moravia. Terapias Individuales y Familiares en Obra Social William Hope.</strong><br><strong>1999&nbsp;Hasta la actualidad. Coord. de Htal. de Día de Clínica Moravia.</strong></h2>
<p>&nbsp;</p>[/vc_column_text][vc_single_image image=&#8221;11448&#8243; img_size=&#8221;medium&#8221; alignment=&#8221;center&#8221; css=&#8221;&#8221;][/vc_column][/vc_row][vc_row][vc_column][vc_single_image image=&#8221;11135&#8243; img_size=&#8221;medium&#8221; alignment=&#8221;center&#8221; css=&#8221;&#8221;][/vc_column][/vc_row]</div>

<p>[vc_row][vc_column][vc_single_image image=&#8221;11276&#8243; img_size=&#8221;large&#8221; alignment=&#8221;center&#8221;][vc_column_text css=&#8221;&#8221;] &nbsp; BREVE SINTESIS CURRICULAR DE COORDINADORES Y MÉDICOS &nbsp; Director: &nbsp;Alfie Jose Rolando &nbsp; Títulos:1968&nbsp;Doctor en Medicina. Universidad Nacional de la Plata.1978&nbsp;Médico Psiquiatra. Universidad de Buenos Aires.1975&nbsp;Certificado de Especialista en Psiquiatría. M. B. Salud Pública. &nbsp; Antecedentes Hospitalarios y de Salud Pública:1968 – 1976&nbsp;Médico Concurrente Servicio de Endicronología del Hospital de Vicente López y Policlínico&#8230;</p>
