{"id":11173,"date":"2025-11-14T12:31:34","date_gmt":"2025-11-14T15:31:34","guid":{"rendered":"https:\/\/moraviaclinica.com\/?page_id=11173"},"modified":"2025-11-19T16:38:07","modified_gmt":"2025-11-19T19:38:07","slug":"ateneo","status":"publish","type":"page","link":"https:\/\/moraviaclinica.com\/index.php\/ateneo\/","title":{"rendered":"Ateneo"},"content":{"rendered":"<div class=\"wpb-content-wrapper\">[vc_row][vc_column][vc_single_image image=&#8221;11274&#8243; img_size=&#8221;large&#8221; alignment=&#8221;center&#8221;][vc_column_text css=&#8221;&#8221;]<figure class=\"wp-block-image aligncenter size-full\">&nbsp;<\/figure>\n<h3><strong>ALGUNOS ASPECTOS DE LA SALUD MENTAL EN LA ARGENTINA<\/strong><br><strong>Nota del Vicepresidente Dr. Eduardo Alberto Teper (M.N. 71983)<\/strong><\/h3>\n<h3><strong><\/strong><\/h3>\n<h3><strong><\/strong><\/h3>\n<h3><strong><\/strong><\/h3>\n<h3><strong>Las tendencias actuales en salud mental a nivel mundial priorizan el tratamiento de las patolog\u00edas agudas, favorecen la &nbsp;\u201cdescronificaci\u00f3n\u201d de las internaciones y priorizan la inserci\u00f3n social del paciente psiqui\u00e1trico en las distintas redes que el grado de su patolog\u00eda le permite integrar.<\/strong><\/h3>\n<h3><strong><\/strong><\/h3>\n<h3>&nbsp;<\/h3>\n<h3><strong><\/strong><\/h3>\n<h3><strong>Sabido es que el tratamiento en psiquiatr\u00eda involucra al paciente y a su medio familiar, buscando tanto \u201cdescomprimir\u201d la carga patol\u00f3gica depositada en el paciente nominado, como orientar a la familia sobre la manera m\u00e1s exitosa de convivir con esta patolog\u00eda evitando la tendencia al abandono el enfermo.<\/strong><\/h3>\n<h3><strong><\/strong><\/h3>\n<h3>&nbsp;<\/h3>\n<h3><strong><\/strong><\/h3>\n<h3><strong>En la Rep\u00fablica Argentina contamos con variedad, cantidad y calidad importante en recursos humanos destinados a estos tratamientos. &nbsp;Los equipos interdisciplinarios cuentas con m\u00e9dicos cl\u00ednicos y psiquiatras, psic\u00f3logos individuales, familiares y grupales, laborterapistas, musicoterapeutas, psicopedagogos, talleristas especializados en diversos rubros tales como psicomotricidad, teatro, sexualidad y una vasta gama de actividades de preparaci\u00f3n laboral, lo que permite un abordaje interdisciplinario muy completo.<\/strong><\/h3>\n<h3><strong><\/strong><\/h3>\n<h3>&nbsp;<\/h3>\n<h3><strong><\/strong><\/h3>\n<h3><strong>La red de cobertura sanitaria en el sector privado se encuentra financiada por las obras sociales y los sistemas prepagos de salud lo que permite el acceso a recursos m\u00e1s costosos a una parte importante de la poblaci\u00f3n cubierta por los mismos.<\/strong><\/h3>\n<h3><strong><\/strong><\/h3>\n<h3>&nbsp;<\/h3>\n<h3><strong><\/strong><\/h3>\n<h3><strong>La amplia tradici\u00f3n argentina en materia de salud mental, permite el rico intercambio de experiencias de formaci\u00f3n entre las escuelas psicol\u00f3gicas mas reconocidas tales como, la Escuela Psicoanal\u00edtica, la Sist\u00e9mica y la Conductal entre otras.<\/strong><\/h3>\n<h3><strong><\/strong><\/h3>\n<h3>&nbsp;<\/h3>\n<h3><strong><\/strong><\/h3>\n<h3><strong>El acceso gratuito a la ense\u00f1anza universitaria determina la oferta de una gran cantidad y calidad de profesionales en el \u00e1rea de salud mental.<\/strong><\/h3>\n<h3><strong><\/strong><\/h3>\n<h3>&nbsp;<\/h3>\n<h3><strong><\/strong><\/h3>\n<h3><strong>Los problemas sanitarios actuales generados por el aumento de la expectativa de vida tienen su correlato en el desarrollo de las nuevas especializaciones en patolog\u00edas demenciales y enfermedad de Alzheimer, cada vez mas espec\u00edficamente orientadas a su tratamiento.<\/strong><\/h3>\n<h3><strong><\/strong><\/h3>\n<h3>&nbsp;<\/h3>\n<h3><strong><\/strong><\/h3>\n<h3><strong>Las adicciones con sus cuadros mixtos y su auge en las estad\u00edsticas de internaci\u00f3n tienen tambi\u00e9n en este medio su abordaje espec\u00edfico.<\/strong><\/h3>\n<h3><strong><\/strong><\/h3>\n<h3>&nbsp;<\/h3>\n<h3><strong><\/strong><\/h3>\n<h3><strong>Finalmente, los trastornos en la alimentaci\u00f3n (anorexia-bulimia) constituyen un cap\u00edtulo de actualizaci\u00f3n permanente en la formaci\u00f3n de nuestros profesionales.<\/strong><\/h3>\n<h3><strong><\/strong><\/h3>\n<h3>&nbsp;<\/h3>\n<h3><strong><\/strong><\/h3>\n<h3><strong>Hace tan solo 20 a\u00f1os la internaci\u00f3n psiqui\u00e1trica solo era pensable para determinadas patolog\u00edas, teniendo un car\u00e1cter m\u00e1s segregativo que de integraci\u00f3n social y familiar.<\/strong><\/h3>\n<h3><strong><\/strong><\/h3>\n<h3>&nbsp;<\/h3>\n<h3><strong><\/strong><\/h3>\n<h3><strong>Hoy en d\u00eda el afinamiento de los elementos diagn\u00f3sticos permiten ampliar el alcance de la internaci\u00f3n breve, entendida como un \u201ccorte\u201d en la rutina que genera repetitiva e inexorablemente el s\u00edntoma, a una gama muy amplia de cuadros y crisis sistem\u00e1ticas. &nbsp;Todo esto bajo la exclusiva condici\u00f3n de un abordaje intensivo interdisciplinario que sit\u00fae a la externaci\u00f3n como la primera meta a lograr.<\/strong><\/h3>\n<h3><strong><\/strong><\/h3>\n<h3>&nbsp;<\/h3>\n<h3><strong><\/strong><\/h3>\n<h3><strong>En el caso espec\u00edfico de la ciudad de Buenos Aires este accionar antimanicomial se encuentra respaldado legalmente por la ley de internaci\u00f3n psiqui\u00e1trica N\u00ba (ley C\u00e1rdenas) que regula el accionar de las instituciones direccion\u00e1ndolas hacia la pronta recuperaci\u00f3n de las libertades y derechos del paciente internado, todo ello mediante expresa supervisi\u00f3n judicial.<\/strong><\/h3>\n<h3><strong><\/strong><\/h3>\n<h3>&nbsp;<\/h3>\n<h3><strong><\/strong><\/h3>\n<h3><strong>Nuestra experiencia institucional se inicia hace mas de 25 a\u00f1os en forma de una \u201csimil cooperativa\u201d de profesionales en la salud mental que comienza su actividad con un centro ambulatorio que, aprovechando la apertura que represent\u00f3 para los profesionales j\u00f3venes que represent\u00f3 la apertura del Programa de Atenci\u00f3n de Salud Mental que implementado por el Pami (INSSJP), fue creciendo hasta llegar a convertirse en una instituci\u00f3n modelo tanto en lo arquitect\u00f3nico como en lo profesional, abarcando una amplia gama de tratamientos que van desde la atenci\u00f3n ambulatoria a la internaci\u00f3n psiqui\u00e1trica, pasando por los sistemas de internaci\u00f3n intermedia (hospital de d\u00eda ) y derivando sus ra\u00edces hacia la resoluci\u00f3n de los problemas sociales insertos en la psiquiatr\u00eda a trav\u00e9s de instituciones de internaci\u00f3n geronto-psiqui\u00e1tricas.<\/strong><\/h3>\n<h3>&nbsp;<\/h3>\n<h3><strong><\/strong><\/h3>\n<h3><strong><img decoding=\"async\" src=\"..\/wp-content\/uploads\/2025\/11\/moravia-1.png\" alt=\"\"><\/strong><\/h3>\n<h3><strong><\/strong>&nbsp;<\/h3>[\/vc_column_text][vc_single_image image=&#8221;11135&#8243; img_size=&#8221;medium&#8221; alignment=&#8221;center&#8221; css=&#8221;&#8221;][\/vc_column][\/vc_row]<\/div>","protected":false},"excerpt":{"rendered":"<p>[vc_row][vc_column][vc_single_image image=&#8221;11274&#8243; img_size=&#8221;large&#8221; alignment=&#8221;center&#8221;][vc_column_text css=&#8221;&#8221;] &nbsp; ALGUNOS ASPECTOS DE LA SALUD MENTAL EN LA ARGENTINANota del Vicepresidente Dr. Eduardo Alberto Teper (M.N. 71983) Las tendencias actuales en salud mental a nivel mundial priorizan el tratamiento de las patolog\u00edas agudas, favorecen la &nbsp;\u201cdescronificaci\u00f3n\u201d de las internaciones y priorizan la inserci\u00f3n social del paciente psiqui\u00e1trico en las distintas redes que el grado&#8230;<\/p>\n","protected":false},"author":1,"featured_media":0,"parent":0,"menu_order":0,"comment_status":"closed","ping_status":"closed","template":"","meta":{"footnotes":""},"class_list":["post-11173","page","type-page","status-publish","hentry"],"_links":{"self":[{"href":"https:\/\/moraviaclinica.com\/index.php\/wp-json\/wp\/v2\/pages\/11173","targetHints":{"allow":["GET"]}}],"collection":[{"href":"https:\/\/moraviaclinica.com\/index.php\/wp-json\/wp\/v2\/pages"}],"about":[{"href":"https:\/\/moraviaclinica.com\/index.php\/wp-json\/wp\/v2\/types\/page"}],"author":[{"embeddable":true,"href":"https:\/\/moraviaclinica.com\/index.php\/wp-json\/wp\/v2\/users\/1"}],"replies":[{"embeddable":true,"href":"https:\/\/moraviaclinica.com\/index.php\/wp-json\/wp\/v2\/comments?post=11173"}],"version-history":[{"count":2,"href":"https:\/\/moraviaclinica.com\/index.php\/wp-json\/wp\/v2\/pages\/11173\/revisions"}],"predecessor-version":[{"id":11275,"href":"https:\/\/moraviaclinica.com\/index.php\/wp-json\/wp\/v2\/pages\/11173\/revisions\/11275"}],"wp:attachment":[{"href":"https:\/\/moraviaclinica.com\/index.php\/wp-json\/wp\/v2\/media?parent=11173"}],"curies":[{"name":"wp","href":"https:\/\/api.w.org\/{rel}","templated":true}]}}

<div class="wpb-content-wrapper">[vc_row][vc_column][vc_single_image image=&#8221;11274&#8243; img_size=&#8221;large&#8221; alignment=&#8221;center&#8221;][vc_column_text css=&#8221;&#8221;]<figure class="wp-block-image aligncenter size-full">&nbsp;</figure>
<h3><strong>ALGUNOS ASPECTOS DE LA SALUD MENTAL EN LA ARGENTINA</strong><br><strong>Nota del Vicepresidente Dr. Eduardo Alberto Teper (M.N. 71983)</strong></h3>
<h3><strong></strong></h3>
<h3><strong></strong></h3>
<h3><strong></strong></h3>
<h3><strong>Las tendencias actuales en salud mental a nivel mundial priorizan el tratamiento de las patologías agudas, favorecen la &nbsp;“descronificación” de las internaciones y priorizan la inserción social del paciente psiquiátrico en las distintas redes que el grado de su patología le permite integrar.</strong></h3>
<h3><strong></strong></h3>
<h3>&nbsp;</h3>
<h3><strong></strong></h3>
<h3><strong>Sabido es que el tratamiento en psiquiatría involucra al paciente y a su medio familiar, buscando tanto “descomprimir” la carga patológica depositada en el paciente nominado, como orientar a la familia sobre la manera más exitosa de convivir con esta patología evitando la tendencia al abandono el enfermo.</strong></h3>
<h3><strong></strong></h3>
<h3>&nbsp;</h3>
<h3><strong></strong></h3>
<h3><strong>En la República Argentina contamos con variedad, cantidad y calidad importante en recursos humanos destinados a estos tratamientos. &nbsp;Los equipos interdisciplinarios cuentas con médicos clínicos y psiquiatras, psicólogos individuales, familiares y grupales, laborterapistas, musicoterapeutas, psicopedagogos, talleristas especializados en diversos rubros tales como psicomotricidad, teatro, sexualidad y una vasta gama de actividades de preparación laboral, lo que permite un abordaje interdisciplinario muy completo.</strong></h3>
<h3><strong></strong></h3>
<h3>&nbsp;</h3>
<h3><strong></strong></h3>
<h3><strong>La red de cobertura sanitaria en el sector privado se encuentra financiada por las obras sociales y los sistemas prepagos de salud lo que permite el acceso a recursos más costosos a una parte importante de la población cubierta por los mismos.</strong></h3>
<h3><strong></strong></h3>
<h3>&nbsp;</h3>
<h3><strong></strong></h3>
<h3><strong>La amplia tradición argentina en materia de salud mental, permite el rico intercambio de experiencias de formación entre las escuelas psicológicas mas reconocidas tales como, la Escuela Psicoanalítica, la Sistémica y la Conductal entre otras.</strong></h3>
<h3><strong></strong></h3>
<h3>&nbsp;</h3>
<h3><strong></strong></h3>
<h3><strong>El acceso gratuito a la enseñanza universitaria determina la oferta de una gran cantidad y calidad de profesionales en el área de salud mental.</strong></h3>
<h3><strong></strong></h3>
<h3>&nbsp;</h3>
<h3><strong></strong></h3>
<h3><strong>Los problemas sanitarios actuales generados por el aumento de la expectativa de vida tienen su correlato en el desarrollo de las nuevas especializaciones en patologías demenciales y enfermedad de Alzheimer, cada vez mas específicamente orientadas a su tratamiento.</strong></h3>
<h3><strong></strong></h3>
<h3>&nbsp;</h3>
<h3><strong></strong></h3>
<h3><strong>Las adicciones con sus cuadros mixtos y su auge en las estadísticas de internación tienen también en este medio su abordaje específico.</strong></h3>
<h3><strong></strong></h3>
<h3>&nbsp;</h3>
<h3><strong></strong></h3>
<h3><strong>Finalmente, los trastornos en la alimentación (anorexia-bulimia) constituyen un capítulo de actualización permanente en la formación de nuestros profesionales.</strong></h3>
<h3><strong></strong></h3>
<h3>&nbsp;</h3>
<h3><strong></strong></h3>
<h3><strong>Hace tan solo 20 años la internación psiquiátrica solo era pensable para determinadas patologías, teniendo un carácter más segregativo que de integración social y familiar.</strong></h3>
<h3><strong></strong></h3>
<h3>&nbsp;</h3>
<h3><strong></strong></h3>
<h3><strong>Hoy en día el afinamiento de los elementos diagnósticos permiten ampliar el alcance de la internación breve, entendida como un “corte” en la rutina que genera repetitiva e inexorablemente el síntoma, a una gama muy amplia de cuadros y crisis sistemáticas. &nbsp;Todo esto bajo la exclusiva condición de un abordaje intensivo interdisciplinario que sitúe a la externación como la primera meta a lograr.</strong></h3>
<h3><strong></strong></h3>
<h3>&nbsp;</h3>
<h3><strong></strong></h3>
<h3><strong>En el caso específico de la ciudad de Buenos Aires este accionar antimanicomial se encuentra respaldado legalmente por la ley de internación psiquiátrica Nº (ley Cárdenas) que regula el accionar de las instituciones direccionándolas hacia la pronta recuperación de las libertades y derechos del paciente internado, todo ello mediante expresa supervisión judicial.</strong></h3>
<h3><strong></strong></h3>
<h3>&nbsp;</h3>
<h3><strong></strong></h3>
<h3><strong>Nuestra experiencia institucional se inicia hace mas de 25 años en forma de una “simil cooperativa” de profesionales en la salud mental que comienza su actividad con un centro ambulatorio que, aprovechando la apertura que representó para los profesionales jóvenes que representó la apertura del Programa de Atención de Salud Mental que implementado por el Pami (INSSJP), fue creciendo hasta llegar a convertirse en una institución modelo tanto en lo arquitectónico como en lo profesional, abarcando una amplia gama de tratamientos que van desde la atención ambulatoria a la internación psiquiátrica, pasando por los sistemas de internación intermedia (hospital de día ) y derivando sus raíces hacia la resolución de los problemas sociales insertos en la psiquiatría a través de instituciones de internación geronto-psiquiátricas.</strong></h3>
<h3>&nbsp;</h3>
<h3><strong></strong></h3>
<h3><strong><img decoding="async" src="../wp-content/uploads/2025/11/moravia-1.png" alt=""></strong></h3>
<h3><strong></strong>&nbsp;</h3>[/vc_column_text][vc_single_image image=&#8221;11135&#8243; img_size=&#8221;medium&#8221; alignment=&#8221;center&#8221; css=&#8221;&#8221;][/vc_column][/vc_row]</div>

<p>[vc_row][vc_column][vc_single_image image=&#8221;11274&#8243; img_size=&#8221;large&#8221; alignment=&#8221;center&#8221;][vc_column_text css=&#8221;&#8221;] &nbsp; ALGUNOS ASPECTOS DE LA SALUD MENTAL EN LA ARGENTINANota del Vicepresidente Dr. Eduardo Alberto Teper (M.N. 71983) Las tendencias actuales en salud mental a nivel mundial priorizan el tratamiento de las patologías agudas, favorecen la &nbsp;“descronificación” de las internaciones y priorizan la inserción social del paciente psiquiátrico en las distintas redes que el grado&#8230;</p>
