{"id":11158,"date":"2025-11-14T12:32:51","date_gmt":"2025-11-14T15:32:51","guid":{"rendered":"https:\/\/moraviaclinica.com\/?page_id=11158"},"modified":"2025-11-26T22:22:28","modified_gmt":"2025-11-27T01:22:28","slug":"nuestros-profesionales","status":"publish","type":"page","link":"https:\/\/moraviaclinica.com\/index.php\/nuestros-profesionales\/","title":{"rendered":"Nuestros Profesionales"},"content":{"rendered":"<div class=\"wpb-content-wrapper\"><p>[vc_row center_row=&#8221;yes&#8221;][vc_column][vc_single_image image=&#8221;11270&#8243; img_size=&#8221;200&#215;100&#8243; alignment=&#8221;center&#8221; css=&#8221;&#8221;][vc_single_image image=&#8221;11135&#8243; img_size=&#8221;medium&#8221; alignment=&#8221;center&#8221; css=&#8221;&#8221;]<div class=\"zozo-parallax-header\"><div class=\"parallax-header content-style-default\"><h2 class=\"parallax-title\">Nuestros Profesionales<\/h2><div class=\"parallax-desc default-style\"><p>&nbsp;<\/p>\n<h2><strong>42 a\u00f1os de experiencia y la atenci\u00f3n de m\u00e1s de 104.160 pacientes, avalan nuestra eficacia, siendo adem\u00e1s referencia en las Obras Sociales y en las empresas de Medicina Prepaga mas importantes de Argentina.<\/strong><\/h2>\n<\/div><\/div><\/div>[vc_column_text css=&#8221;&#8221;]<\/p>\n<h2><strong>Direcci\u00f3n<\/strong><\/h2>\n<ul>\n<li>\n<h2 style=\"text-align: left;\"><strong>Dr. Alfie Jos\u00e9<\/strong><\/h2>\n<\/li>\n<\/ul>\n<h2><strong>Subdirector<\/strong><\/h2>\n<ul>\n<li>\n<h2><strong>Lic. Formica Aroldo<\/strong><\/h2>\n<\/li>\n<\/ul>\n<h2><strong>Vicedirecci\u00f3n del Ambulatorio<\/strong><\/h2>\n<ul>\n<li>\n<h2><strong>&nbsp;Dr Teper, Eduardo<\/strong><\/h2>\n<\/li>\n<\/ul>\n<h2><strong>Hospital de d\u00eda<\/strong><\/h2>\n<ul>\n<li>\n<h2><strong>Lic. Formica Aroldo<\/strong><\/h2>\n<\/li>\n<\/ul>\n<h2><strong>Consultorios externos<\/strong><\/h2>\n<ul>\n<li>\n<h2><strong>Lic. Teper Matilde<\/strong><\/h2>\n<\/li>\n<\/ul>\n<h2><strong>Emergencias, tratamientos domiciliarios<\/strong><\/h2>\n<ul>\n<li>\n<h2><strong>Dr. Alfie Jos\u00e9<\/strong><\/h2>\n<\/li>\n<\/ul>\n<h2><strong>Gesti\u00f3n administrativa<\/strong><\/h2>\n<ul>\n<li>\n<h2><strong>Dr. Teper Eduardo<\/strong><\/h2>\n<\/li>\n<\/ul>\n<h2><strong>Comit\u00e9 de Relaciones con Obras Sociales y Prepagas<\/strong><\/h2>\n<ul>\n<li>\n<h2><strong>Dr. Teper Eduardo<\/strong><\/h2>\n<\/li>\n<li>\n<h2><strong>Dr. en Psicolog\u00eda Dunayevich Gregorio<\/strong><\/h2>\n<\/li>\n<\/ul>\n<h2><strong>Comit\u00e9 de Docencia e investigaci\u00f3n<\/strong><\/h2>\n<ul>\n<li>\n<h2><strong>Dr. en Psicolog\u00eda Dunayevich Gregorio <\/strong><strong style=\"font-size: 14px;\">&nbsp; &nbsp; &nbsp; &nbsp; &nbsp; &nbsp; &nbsp; &nbsp; &nbsp;&nbsp;<\/strong><\/h2>\n<\/li>\n<li>&nbsp;<\/li>\n<li>\n<h2>Desarrollo web<\/h2>\n<\/li>\n<li>\n<h2>Juan Cruz Avila<\/h2>\n<\/li>\n<li>\n<h2><strong>Dr. en Psicolog\u00eda Dunayevich Gregorio&nbsp; &nbsp; &nbsp; &nbsp; &nbsp; &nbsp; &nbsp; &nbsp; &nbsp; &nbsp;&nbsp;<br \/>\n<\/strong><\/h2>\n<\/li>\n<\/ul>\n<p>[\/vc_column_text][vc_single_image image=&#8221;11270&#8243; img_size=&#8221;200&#215;100&#8243; alignment=&#8221;center&#8221; css=&#8221;&#8221;][vc_single_image image=&#8221;11135&#8243; img_size=&#8221;Medium&#8221; alignment=&#8221;center&#8221; css=&#8221;&#8221;][\/vc_column][\/vc_row][vc_row][vc_column][\/vc_column][\/vc_row]<\/p>\n<\/div>","protected":false},"excerpt":{"rendered":"<p>[vc_row center_row=&#8221;yes&#8221;][vc_column][vc_single_image image=&#8221;11270&#8243; img_size=&#8221;200&#215;100&#8243; alignment=&#8221;center&#8221; css=&#8221;&#8221;][vc_single_image image=&#8221;11135&#8243; img_size=&#8221;medium&#8221; alignment=&#8221;center&#8221; css=&#8221;&#8221;][vc_column_text css=&#8221;&#8221;] Direcci\u00f3n Dr. Alfie Jos\u00e9 Subdirector Lic. Formica Aroldo Vicedirecci\u00f3n del Ambulatorio &nbsp;Dr Teper, Eduardo Hospital de d\u00eda Lic. Formica Aroldo Consultorios externos Lic. Teper Matilde Emergencias, tratamientos domiciliarios Dr. Alfie Jos\u00e9 Gesti\u00f3n administrativa Dr. Teper Eduardo Comit\u00e9 de Relaciones con Obras Sociales y Prepagas Dr. Teper Eduardo Dr. en&#8230;<\/p>\n","protected":false},"author":1,"featured_media":0,"parent":0,"menu_order":0,"comment_status":"closed","ping_status":"closed","template":"","meta":{"footnotes":""},"class_list":["post-11158","page","type-page","status-publish","hentry"],"_links":{"self":[{"href":"https:\/\/moraviaclinica.com\/index.php\/wp-json\/wp\/v2\/pages\/11158","targetHints":{"allow":["GET"]}}],"collection":[{"href":"https:\/\/moraviaclinica.com\/index.php\/wp-json\/wp\/v2\/pages"}],"about":[{"href":"https:\/\/moraviaclinica.com\/index.php\/wp-json\/wp\/v2\/types\/page"}],"author":[{"embeddable":true,"href":"https:\/\/moraviaclinica.com\/index.php\/wp-json\/wp\/v2\/users\/1"}],"replies":[{"embeddable":true,"href":"https:\/\/moraviaclinica.com\/index.php\/wp-json\/wp\/v2\/comments?post=11158"}],"version-history":[{"count":5,"href":"https:\/\/moraviaclinica.com\/index.php\/wp-json\/wp\/v2\/pages\/11158\/revisions"}],"predecessor-version":[{"id":11306,"href":"https:\/\/moraviaclinica.com\/index.php\/wp-json\/wp\/v2\/pages\/11158\/revisions\/11306"}],"wp:attachment":[{"href":"https:\/\/moraviaclinica.com\/index.php\/wp-json\/wp\/v2\/media?parent=11158"}],"curies":[{"name":"wp","href":"https:\/\/api.w.org\/{rel}","templated":true}]}}

<div class="wpb-content-wrapper"><p>[vc_row center_row=&#8221;yes&#8221;][vc_column][vc_single_image image=&#8221;11270&#8243; img_size=&#8221;200&#215;100&#8243; alignment=&#8221;center&#8221; css=&#8221;&#8221;][vc_single_image image=&#8221;11135&#8243; img_size=&#8221;medium&#8221; alignment=&#8221;center&#8221; css=&#8221;&#8221;]<div class="zozo-parallax-header"><div class="parallax-header content-style-default"><h2 class="parallax-title">Nuestros Profesionales</h2><div class="parallax-desc default-style"><p>&nbsp;</p>
<h2><strong>42 años de experiencia y la atención de más de 104.160 pacientes, avalan nuestra eficacia, siendo además referencia en las Obras Sociales y en las empresas de Medicina Prepaga mas importantes de Argentina.</strong></h2>
</div></div></div>[vc_column_text css=&#8221;&#8221;]</p>
<h2><strong>Dirección</strong></h2>
<ul>
<li>
<h2 style="text-align: left;"><strong>Dr. Alfie José</strong></h2>
</li>
</ul>
<h2><strong>Subdirector</strong></h2>
<ul>
<li>
<h2><strong>Lic. Formica Aroldo</strong></h2>
</li>
</ul>
<h2><strong>Vicedirección del Ambulatorio</strong></h2>
<ul>
<li>
<h2><strong>&nbsp;Dr Teper, Eduardo</strong></h2>
</li>
</ul>
<h2><strong>Hospital de día</strong></h2>
<ul>
<li>
<h2><strong>Lic. Formica Aroldo</strong></h2>
</li>
</ul>
<h2><strong>Consultorios externos</strong></h2>
<ul>
<li>
<h2><strong>Lic. Teper Matilde</strong></h2>
</li>
</ul>
<h2><strong>Emergencias, tratamientos domiciliarios</strong></h2>
<ul>
<li>
<h2><strong>Dr. Alfie José</strong></h2>
</li>
</ul>
<h2><strong>Gestión administrativa</strong></h2>
<ul>
<li>
<h2><strong>Dr. Teper Eduardo</strong></h2>
</li>
</ul>
<h2><strong>Comité de Relaciones con Obras Sociales y Prepagas</strong></h2>
<ul>
<li>
<h2><strong>Dr. Teper Eduardo</strong></h2>
</li>
<li>
<h2><strong>Dr. en Psicología Dunayevich Gregorio</strong></h2>
</li>
</ul>
<h2><strong>Comité de Docencia e investigación</strong></h2>
<ul>
<li>
<h2><strong>Dr. en Psicología Dunayevich Gregorio </strong><strong style="font-size: 14px;">&nbsp; &nbsp; &nbsp; &nbsp; &nbsp; &nbsp; &nbsp; &nbsp; &nbsp;&nbsp;</strong></h2>
</li>
<li>&nbsp;</li>
<li>
<h2>Desarrollo web</h2>
</li>
<li>
<h2>Juan Cruz Avila</h2>
</li>
<li>
<h2><strong>Dr. en Psicología Dunayevich Gregorio&nbsp; &nbsp; &nbsp; &nbsp; &nbsp; &nbsp; &nbsp; &nbsp; &nbsp; &nbsp;&nbsp;<br />
</strong></h2>
</li>
</ul>
<p>[/vc_column_text][vc_single_image image=&#8221;11270&#8243; img_size=&#8221;200&#215;100&#8243; alignment=&#8221;center&#8221; css=&#8221;&#8221;][vc_single_image image=&#8221;11135&#8243; img_size=&#8221;Medium&#8221; alignment=&#8221;center&#8221; css=&#8221;&#8221;][/vc_column][/vc_row][vc_row][vc_column][/vc_column][/vc_row]</p>
</div>

<p>[vc_row center_row=&#8221;yes&#8221;][vc_column][vc_single_image image=&#8221;11270&#8243; img_size=&#8221;200&#215;100&#8243; alignment=&#8221;center&#8221; css=&#8221;&#8221;][vc_single_image image=&#8221;11135&#8243; img_size=&#8221;medium&#8221; alignment=&#8221;center&#8221; css=&#8221;&#8221;][vc_column_text css=&#8221;&#8221;] Dirección Dr. Alfie José Subdirector Lic. Formica Aroldo Vicedirección del Ambulatorio &nbsp;Dr Teper, Eduardo Hospital de día Lic. Formica Aroldo Consultorios externos Lic. Teper Matilde Emergencias, tratamientos domiciliarios Dr. Alfie José Gestión administrativa Dr. Teper Eduardo Comité de Relaciones con Obras Sociales y Prepagas Dr. Teper Eduardo Dr. en&#8230;</p>
